 12*d + 2. Suppose 63*h - 44 = 5*n + 61*h, 3*n + 2*h + 4 = 0. Calculate i(n).
6
Let o(t) = 3*t**2 - 92*t - 29. Let h(x) = 2*x**2 - 46*x - 15. Let z(a) = -7*h(a) + 4*o(a). Let w be z(-23). Let j(r) = -r**2 - 11*r - 4. Calculate j(w).
-4
Let y(w) be the second derivative of -5*w**3/6 - 12*w**2 - 1938*w. Give y(-5).
1
Suppose 9 + 11 = -4*s. Let d(p) = -p**3 - 5*p**2 - p - 6. Let m be d(s). Let i(f) = -21*f + 1. Give i(m).
22
Suppose 3*g - 4*p - 14 = 0, -g - 2*p + p = 0. Suppose -d - 25 = -5*v, 3 = g*d - v + 8. Let a(w) = -w**2 - w + 5. Give a(d).
5
Let t(u) = 3 + 1642*u**2 - 812*u**2 - 4 - 828*u**2 - 2*u. Suppose -2*k + 2 = -0. Suppose 3 = p - k. Calculate t(p).
23
Let u(r) = -r + 9. Let q(o) = -o**2 + 8*o - 8. Let m be (4/(-5))/(6/(-60)). Let s be q(m). Let p be 119/28 + 2/s. Give u(p).
5
Suppose 0*x - 2*x - 4*u = -4, -3*u + 12 = 3*x. Let y(h) = 6*h + 7. Let r(f) = 7*f + 9. Let k(p) = x*y(p) - 5*r(p). Calculate k(5).
2
Let v(y) = 13*y**2 - 3*y + 25. Let j(q) = -8*q**2 + 2*q - 13. Let l(t) = -7*j(t) - 4*v(t). Let m be l(0). Let g(k) = k**3 + 10*k**2 + 11*k + 10. Determine g(m).
-8
Let s(t) = 2*t - 52. Let u be (((-238)/98)/(-17))/((-2)/(-154)). What is s(u)?
-30
Let t(x) = 74*x**2 - 42*x**2 - 39*x**2 - 1. Suppose -16 = -1982*j + 1990*j. What is t(j)?
-29
Let o(x) = x**3 - 98*x**2 - 201*x + 98. Let l be o(100). Let r(d) = -5*d**2 + 6*d - 1. Calculate r(l).
-33
Let g be ((-220)/15)/((-9)/54). Let z(j) = -93*j - 2*j**2 + g*j + j**2 + 1. Give z(-7).
-13
Let y(b) = -b**3 + b**2 + b. Let m = 209 + -206. Let d = 3 - 0. Suppose -i = d*z + 2 - m, -5*z + 4*i = -30. Calculate y(z).
-2
Let a(x) be the first derivative of x**3/3 - 41*x**2/2 + 3*x + 3195. Determine a(41).
3
Let f be ((-10)/(-4))/(2/4). Suppose -168*t - 321*t - 23*t + 5120 = 0. Let d = f - t. Let u(a) = a**2 + 4*a - 2. Calculate u(d).
3
Suppose -34*h - 221 + 17 = 0. Let l(r) = 3*r + 4. Let b(w) = -w + 1. Let y(d) = 2*b(d) + l(d). Determine y(h).
0
Suppose 0 = -y + 2*y - 72. Let t be (1 + 0)*(-16)/y*-9. Let i(w) = -w - 4 + 2*w + 8 + 2*w**t - 3 + w**3. What is i(-1)?
1
Let t be -18*(-21 - -22)*(-1)/(-3). Let j be (-2)/t - 899/87. Let k(i) = -i**2 - 13*i - 35. Give k(j).
-5
Let b = -111/7 - -13327/840. Let p(q) be the third derivative of 17*q**2 - b*q**6 + 0*q - 1/8*q**4 - 1/6*q**3 + 0 - 1/30*q**5. What is p(-2)?
5
Suppose r - 12 = -r. Suppose 0*n + 4*n - 2*u + r = 0, -4*n = 4*u + 12. Let i(y) = 130*y + 1. Let z(s) = -19*s. Let w(k) = -i(k) - 7*z(k). Determine w(n).
-7
Let x(d) = -55*d + 10. Let s be -18 + (-1725)/(-92) + (9/(-12))/(-3). Give x(s).
-45
Let g be (-1)/(4/(-44)) + -5. Let z(i) = g + 578*i + 14*i**2 + 15 - 592*i + i**3. Calculate z(-15).
6
Let m(n) = -n**3 + 8*n**2 - 13*n + 40. Let s be 21/(-9)*(-33)/11. Give m(s).
-2
Let x be -8*(-6)/(-26) + 76/(-494). Let r = -32 + 35. Let c(a) = -r*a**2 - 3*a - a**3 - 9*a**2 - 1 + 8*a**2. What is c(x)?
-3
Let c(q) be the second derivative of 1/6*q**3 - 5/12*q**4 + 1/2*q**2 - 5*q - 1/20*q**5 - 19. Calculate c(-5).
-4
Let w(o) = -o + 42. Suppose -60*q = 533 - 173. Calculate w(q).
48
Let q(f) be the second derivative of -f**5/20 - f**4/12 - f**3/2 - 5*f**2 - 1922*f + 2. Calculate q(-3).
17
Let w(n) be the first derivative of 2*n**3/3 + 9*n**2/2 + 4*n - 3081. Suppose -9 = 3*y - 0*r + 4*r, 4*y = -4*r - 16. What is w(y)?
39
Let z(g) = g**2 + 4*g + 7. Suppose -115 = 40*t - 45*t. Let r = t - 48. Let u be 0 + 1*r/5. Determine z(u).
12
Let i be (-74)/(-10) + ((-16)/(-10) - 2). Let y(z) = -i*z - 13*z - z**2 + 23*z - 6. Give y(6).
-24
Let i(q) = -72*q**2 - 2. Let r be i(2). Let m = 285 + r. Let w(z) = -z**3 - 5*z**2 + 3*z + 0*z + 0*z**2 - 3. Give w(m).
-18
Suppose -33*x = -68*x + 5*x - 1020. Let d(z) = -7*z - 254. Determine d(x).
-16
Let u = 225 - 209. Suppose -12*s + 4*s = u. Let o(l) be the third derivative of l**5/30 + l**4/6 + l**3/3 - 2*l**2. Calculate o(s).
2
Let d(m) be the second derivative of m**3/3 + 9*m**2/2 + m. Let w = 635 - 343. Let f = w - 299. What is d(f)?
-5
Let x = 10 + -7. Let w(o) = o**2 + 7*o**3 - 3*o**3 - x*o**3 - 10 + 0*o**3. Let l be 2 + (-24)/6 - (0 - 2). Calculate w(l).
-10
Suppose -2*a - 21 = -5*s, 4*s - 8 = 4*a + 4. Let l(u) = -9 + 8*u + 156*u**2 - 148*u**2 + u**3 - a*u**3. Determine l(9).
-18
Let t(q) = -30 + 2*q**2 - 36*q - 16*q**3 - 28*q + 3*q**2 + 58*q + 17*q**3. Give t(-4).
10
Let b(s) be the first derivative of -s**5/60 + 11*s**4/24 - s**3/3 - 8*s**2 - 90. Let a(x) be the second derivative of b(x). Calculate a(11).
-2
Let p(z) = z**2 - 17*z - 1. Suppose -2*f = 5*h - 28, 4*h - 27 + 97 = 5*f. Give p(f).
-43
Let z(d) = d**3 - d**2 - 11*d - 12. Suppose q + h = -9, -2*q - 4*h - 46 = -16. Determine z(q).
-15
Let a(s) = 4*s**3 - 1. Let x = -59 - -57. Let k be (-4 - 5 - -5)*4/x. Suppose -b = -9 + k. What is a(b)?
3
Suppose -288 = 101*h - 197*h. Let i(k) = 3*k - 7. Let a(q) = 6*q - 13. Let p(t) = -6*a(t) + 11*i(t). What is p(h)?
-8
Suppose 3*b + 2*b - 92 = 3*z, -4*b + 84 = -5*z. Suppose -t - b = 2*m, -m + 3*t - 1 = 14. Let p(s) = s**3 + 8*s**2 - 8*s + 1. Give p(m).
-8
Let h(u) = 2*u - 3. Let g(r) = r - 29 + 2 - 7*r. Suppose 0 = 18*j + 5*j - 30*j - 35. Let y be g(j). Calculate h(y).
3
Let f(l) = -2*l**3 - 23*l + 108. Let x(d) = -5*d**3 - 2*d**2 - 58*d + 271. Let w(j) = -13*f(j) + 5*x(j). Calculate w(10).
41
Let i(y) = -y**3 - 4*y - 4. Let g(q) = -q - 1. Let d(r) = -5*g(r) + i(r). Suppose -n - 2*j - 3 = 2, 5*n - 2*j = 23. Suppose 0 = n*w + 4*w. Determine d(w).
1
Let y(x) = 15*x**3 + 3*x**2 - 7*x + 4. Suppose -10*o + 30 = 5*o. Calculate y(o).
122
Let d = -6 + 8. Let t(k) = k**3 - 6*k**2 + 4. Let p(u) be the first derivative of u**4/2 - 2*u**3 + 3*u + 64. Let s(v) = d*p(v) - 3*t(v). Give s(-6).
-6
Let w(p) = 2*p + 3*p**3 - 4 - 2*p**3 + 17 + 9*p**2. Suppose -4*r = -5*i - 117, 578*r = 573*r + 134 - 44. Calculate w(i).
-5
Let t(f) = -1521*f - 10640. Let l be t(-7). Let c(x) = x**2 + 18. Calculate c(l).
67
Let d(h) = h**3 + 82*h**2 + 311*h - 76. Let r be d(-78). Let g(p) = -16*p**3 + 3*p**2 + 2*p - 8. Give g(r).
-120
Let p(q) = -q**3 - q + 1. Suppose 22*z - 26 = -4. Let y(a) = 4*a**3 + 7*a**2 + 7*a - 12. Let t(s) = z*y(s) + 5*p(s). What is t(7)?
7
Let r(a) = -a**3 + 4*a**2 - 2*a - 2. Let j be 7*(-2)/(-105) - (-206)/30. Suppose -j*v + 16*v = 54. Suppose v*p - 13 = -1. Give r(p).
2
Suppose -2*t + 31 = 15. Let w(y) = 6 - 150*y + 7*y**2 + 2*y**3 - 3*y**3 + 157*y. Give w(t).
-2
Let b = 128 - 120. Suppose 0 = q - 3*v + 1, 4 = -4*q + b*q - 4*v. Let w(t) = -t + 4. What is w(q)?
2
Let w(h) = h**2 + 8*h + 6. Let s be w(-4). Let y(k) = 5*k - 10*k + 2 + 7 - 2*k - 7431*k**2 + 3714*k**2 + 3716*k**2. What is y(s)?
-21
Let q(d) = d**3 - 6*d**2 + d - 2. Let f(a) = 13*a - 3. Let p be f(9). Let n = -108 + p. Calculate q(n).
4
Let z(l) = -20704076 - l**2 + 0*l**2 + 19*l + 20704049. What is z(22)?
-93
Let a(g) = g**2 - 8*g - 7. Suppose -55*w = -65*w + 1580. Suppose -4*y + w - 126 = 0. Determine a(y).
-7
Let t(h) = h**2 + 5*h - 7. Let m be 4 + ((-16)/8)/((-4)/(-14)). Determine t(m).
-13
Let p(q) be the second derivative of -q**6/360 + 9*q**4/8 - 2*q**3/3 - 39*q**2/2 - 4*q + 5. Let s(x) be the second derivative of p(x). What is s(0)?
27
Let y(u) = 5*u + 11. Let z(s) = s + 2. Suppose 5*f + 0*l + 15 = 5*l, -4*f + 5*l - 11 = 0. Let x(n) = f*y(n) + 22*z(n). What is x(0)?
0
Let v(t) = 23*t - 167. Let r be 294/(-98)*(-7)/3. Give v(r).
-6
Let l(u) = 3*u - 4. Suppose -11*r + 134 = -42. Suppose 0 = -0*f - r*f + 160. Let a(y) = y**2 - 9*y - 7. Let o be a(f). Determine l(o).
5
Let q(t) = 3281 - 120*t + 115*t - 3039. Determine q(47).
7
Let z(v) = v**3 - 3*v**2 + 6*v - 6. Suppose -22*a - 1458 = 5*a. Let t be ((-7)/((-42)/(-16)))/(36/a). Give z(t).
34
Let u(a) = -4*a**2 + 23*a + 40. Let d be u(7). Let g(z) = -z**3 + 5*z**2 + 2*z + 3. Determine g(d).
13
Let k(p) be the second derivative of -p**2 - 2/3*p**4 - 45*p + 0 - 1/20*p**5 - 1/6*p**3. Determine k(-8).
6
Let v(j) = -1. Let b(i) = i**3 - 4*i - 9. Let r(f) = b(f) - 5*v(f). Suppose -327 + 311 = 4*y + 2*c, -20 = 5*c. What is r(y)?
-4
Suppose -3 = -85*q + 88*q. Let s be 1/(-3) + q/(-3). Let d(f) = f**2 - f + 3. What is d(s)?
3
Let c(t) be the second derivative of -1/20*t**5 - 2*t**2 - 7/12*t**4 + 3 - 8*t + 1/3*t**3. Give c(-7).
-18
Suppose 2*v + 5*t = -1, -t - 4*t - 15 = 0. Let b(w) = -8*w**3 + 2*w + 4. Let p(s) = 18*s**3 + 